326145. Calculate s(115).
-5
Let q(c) = -3*c**3 + 35*c**2 - 21*c + 11. Give q(12).
-385
Let v(j) = -4*j**2 + 22487*j + 473985. Determine v(-21).
-6
Let y(t) = 26*t**3 + 3*t**2 - 3908*t + 7810. Determine y(2).
214
Let a(l) = -122*l**2 - 5974*l + 196. Determine a(-49).
0
Let o(z) = 2825*z + 103486. Calculate o(-37).
-1039
Let n(m) = -12620*m - 75635. Calculate n(-6).
85
Let w(j) = j**2 - 926*j + 38821. Determine w(44).
13
Let q(f) = 3*f**3 - 571*f**2 + 3304*f + 115. Calculate q(6).
31
Let x(g) = -g**3 + 92*g**2 + 722*g - 630. Determine x(-8).
-6
Let p(x) = 2*x**3 - 33*x**2 + 43*x - 1233. Give p(17).
-213
Let j(g) = -7985*g - 103562. Determine j(-13).
243
Let w(t) = t**3 + 158*t**2 + 3938*t + 67. What is w(-31)?
36
Let c(h) = -40*h - 3747. What is c(-94)?
13
Let y(z) = 5*z - 613. Give y(114).
-43
Let q(o) = -232*o**2 - 15318*o - 422. Determine q(-66).
-26
Let j(x) = 145367*x + 872252. Determine j(-6).
50
Let z(n) = -93978*n - 187948. What is z(-2)?
8
Let y(a) = -49662*a + 297664. Give y(6).
-308
Let z(y) = -51*y**3 + 15502*y**2 + 611*y - 932. What is z(304)?
-20
Let f(j) = 2*j**2 - 61973*j + 1857384. Determine f(30).
-6
Let m(u) = 3*u**3 - 222*u**2 - 915*u - 1635. Give m(78).
3
Let v(s) = -s**2 - 704*s + 44901. Determine v(59).
-116
Let v(a) = a**2 + 257*a + 14870. What is v(-80)?
710
Let n(y) = 18602*y + 93049. Give n(-5).
39
Let c(z) = -160*z + 50099. Calculate c(313).
19
Let d(c) = 1686*c - 33789. What is d(20)?
-69
Let r(g) = g**3 - 75*g**2 - 298*g + 11091. Calculate r(77).
3
Let a(m) = 14*m**3 - 251*m**2 - 19*m + 126. Give a(18).
108
Let r(b) = 2*b**2 - 7593*b + 10. Give r(0).
10
Let p(k) = k**2 - 203261*k + 609766. Calculate p(3).
-8
Let y(m) = 906*m - 17824. What is y(20)?
296
Let l(a) = 2*a**3 - 2769*a**2 - 162795*a - 54751. What is l(1441)?
7
Let q(i) = 19*i**3 - 1434*i**2 - 2235*i + 158. Give q(77).
4
Let c(l) = -l**3 + 489*l**2 - 904*l - 34158. What is c(487)?
-68
Let y(l) = 1470*l + 10354. Calculate y(-7).
64
Let u(d) = 2*d**3 - 51*d**2 - 1013*d - 161. Determine u(-13).
-5
Let a(s) = -50*s**2 - 26758*s - 158758. What is a(-6)?
-10
Let g(x) = 2*x**3 - 409*x**2 - 1034*x + 329. What is g(207)?
536
Let u(o) = -938*o**3 + 5*o**2 - 50*o + 45. Determine u(1).
-938
Let m(g) = -4*g**3 - 765*g**2 - 193*g - 234. What is m(-191)?
148
Let p(w) = -w**3 + 77*w**2 - 1395*w + 383. What is p(44)?
2891
Let c(m) = -69*m**3 - 582*m**2 + 426*m + 671. Calculate c(-9).
-4
Let o(l) = 20*l**3 + 843*l**2 - 44*l - 7151. What is o(-42)?
-11
Let a(f) = -65564*f - 1049116. Give a(-16).
-92
Let l(k) = -768*k + 27024. Determine l(37).
-1392
Let a(z) = -10*z**2 - 371*z - 2207. Determine a(-30).
-77
Let o(f) = -f**2 - 107*f + 17451. Determine o(-196).
7
Let c(j) = 768*j + 520. What is c(-4)?
-2552
Let x(k) = -1038*k + 19782. Determine x(19).
60
Let a(t) = 715*t - 104625. Calculate a(146).
-235
Let g(y) = 586*y + 16165. Determine g(-28).
-243
Let q(r) = r**3 - 22*r**2 + 39*r - 40. Determine q(9).
-742
Let y(d) = -44882*d - 268841. Give y(-6).
451
Let z(b) = 92*b**2 + 764*b + 281. What is z(-8)?
57
Let b(l) = -l**3 + 28*l**2 + 519*l - 5. What is b(-13)?
177
Let v(z) = z**2 - 2175*z + 25918. What is v(12)?
-38
Let g(f) = -f**3 - 175*f**2 - 658*f + 4423. What is g(-171)?
-23
Let k(y) = -y**3 + 11*y**2 + 150*y - 1204. Determine k(7).
42
Let b(r) = r**3 + 39*r**2 - 706*r + 1126. Give b(12).
-2
Let c(l) = 4*l**3 - 28*l**2 - 87*l - 40. Calculate c(12).
1796
Let g(f) = 3720*f + 383345. Give g(-103).
185
Let n(d) = -10*d**2 + 12*d - 1220. Determine n(0).
-1220
Let w(a) = a**3 - 18*a**2 + 86*a - 60. Give w(13).
213
Let d(u) = u**3 + 41*u**2 - 55*u - 484. Give d(4).
16
Let q(w) = -4*w**2 + 106*w + 375. What is q(32)?
-329
Let m(j) = 2*j**3 + 95*j**2 - 5536*j - 262398. What is m(-47)?
3
Let o(i) = -1017*i - 20807. What is o(-21)?
550
Let f(i) = i**2 - 31*i - 2760. What is f(-34)?
-550
Let g(n) = 62516*n + 250074. Give g(-4).
10
Let v(x) = 2305*x - 1046462. Calculate v(454).
8
Let r(k) = -7*k**2 + 921*k + 4925. Give r(-5).
145
Let r(j) = -59*j**2 + 22077*j - 3909. Give r(374).
205
Let g(y) = -63*y**2 + 8939*y - 248247. Calculate g(104).
1
Let t(j) = -11*j**3 - 75*j**2 + 189*j + 1259. Calculate t(-7).
34
Let d(x) = 341*x - 176190. Give d(518).
448
Let t(q) = -10306*q + 2370380. Determine t(230).
0
Let b(x) = 3*x**3 + 43*x**2 + 50*x + 469. Give b(-14).
-35
Let v(i) = 2*i**2 - 1304*i - 13491. Calculate v(-10).
-251
Let v(y) = 3*y**3 - 16*y**2 + 51*y - 289. What is v(6)?
89
Let i(l) = -2*l**2 + 31*l + 43264. Determine i(155).
19
Let x(j) = 4*j**2 + 485*j + 3266. Give x(-114).
-40
Let i(a) = -75*a**2 - 37*a - 425. Give i(6).
-3347
Let z(r) = -711*r - 141435. Calculate z(-199).
54
Let g(c) = -c**3 + 32*c**2 + 74*c - 175. Determine g(34).
29
Let q(y) = 46*y**2 + 8*y + 37. Calculate q(2).
237
Let w(v) = v**3 - 102*v**2 + 23*v - 866. Calculate w(102).
1480
Let s(v) = -v**3 + 4*v**2 + 47*v - 393. What is s(0)?
-393
Let z(a) = -4806*a + 168258. What is z(35)?
48
Let r(z) = 2*z**3 + 34*z**2 + 74*z + 1313. Give r(-17).
55
Let f(r) = 57*r**2 + 185*r + 1619. Calculate f(-9).
4571
Let t(d) = d**2 - 28093*d + 56185. What is t(2)?
3
Let z(v) = 176056*v - 704240. What is z(4)?
-16
Let o(a) = -a**3 + 9*a**2 - 22*a + 27. What is o(7)?
-29
Let b(r) = -r**3 + 561*r**2 - 903*r + 506579. Determine b(561).
-4
Let j(w) = -16*w**2 - 229*w + 397. Give j(-20).
-1423
Let m(g) = 78264*g + 1095686. Determine m(-14).
-10
Let q(a) = 6*a**2 - 449*a - 5053. What is q(-10)?
37
Let q(d) = 2*d**3 - 5*d**2 - 1015*d - 5393. Determine q(26).
-11
Let d(y) = 15247*y - 228738. Calculate d(15).
-33
Let d(z) = z**3 + 8*z**2 + 2535*z + 7574. What is d(-3)?
14
Let n(u) = -u**3 - 18*u**2 + 255*u + 2655. Determine n(-11).
-997
Let z(m) = 2895*m - 839649. Give z(290).
-99
Let o(c) = -12490*c - 1673619. Give o(-134).
41
Let r(v) = -24*v + 4194. Calculate r(154).
498
Let c(t) = -t**2 + 1018*t - 9094. Determine c(9).
-13
Let t(k) = 30*k**3 + 9*k**2 + 564*k - 572. Calculate t(1).
31
Let n(l) = -18*l**2 + 743*l - 64. Give n(41).
141
Let i(z) = 3695*z - 29608. Determine i(8).
-48
Let k(h) = 828*h + 584569. Calculate k(-706).
1
Let h(y) = 2*y**2 - 336*y + 3108. Calculate h(158).
-52
Let r(m) = -4130*m - 301479. What is r(-73)?
11
Let d(v) = 14*v**2 + 4431*v - 717. Calculate d(-317).
1502
Let m(n) = 25048*n - 450886. Calculate m(18).
-22
Let a(w) = -26*w**3 + 16*w**2 - 439*w - 2571. What is a(-6)?
6255
Let d(v) = -v**3 + 32*v**2 - 1034*v + 42418. What is d(36)?
10
Let y(u) = u**3 + 659*u**2 + 19005*u + 84926. Determine y(-629).
11
Let f(k) = 66*k**2 + 13375*k - 4706. Calculate f(-203).
-37
Let v(g) = -15*g**2 + 84*g - 70. Calculate v(0).
-70
Let n(q) = -q**3 - 31*q**2 + 1261*q + 8839. What is n(-52)?
51
Let y(x) = -x**3 - 185*x**2 - 5149*x - 482. What is y(-34)?
28
Let j(c) = -210*c - 55905. Calculate j(-266).
-45
Let p(u) = -1295*u - 37731. Determine p(-27).
-2766
Let m(z) = z**2 + 670*z - 10101. Give m(15).
174
Let b(x) = 2*x**3 - 32*x**2 + 40*x - 10. Determine b(14).
-234
Let n(u) = -3833*u - 7367017. What is n(-1922)?
9
Let l(c) = 171*c - 2783. What is l(23)?
1150
Let u(q) = 5*q**3 - 7*q**2 + 244*q + 1735. Give u(-6).
-1061
Let k(g) = g**3 - 22*g**2 + 717*g - 14537. Determine k(21).
79
Let s(f) = 1730*f - 154065. Determine s(89).
-95
Let k(u) = -2*u**3 - 108*u**2 - 928*u - 2241. Determine k(-44).
-129
Let m(l) = -l**3 + 47*l**2 - 85*l + 279. Calculate m(45).
504
Let a(l) = -l**3 - 36*l**2 + 38*l - 92. Determine a(-36).
-1460
Let m(r) = -1020*r - 13028. Calculate m(-13).
232
Let u(s) = -s**2 - 209*s + 49389. Give u(141).
39
Let g(x) = -7*x**3 + 27*x**2 - 26*x + 41. Give g(3).
17
Let v(i) = -5852*i - 386236. Determine v(-66).
-4
Let u(j) = -j**3 + 54*j**2 - 63*j + 6703. Determine u(55).
213
Let k(s) = s**3 + 6*s**2 - 57*s + 59. Calculate k(3).
-31
Let f(j) = 182*j - 9301. Calculate f(59).
1437
Let l(h) = -44004*h - 396048. Calculate l(-9).
-12
Let v(t) = -38*t**3 - 416*t**2 - 221*t - 2587. Give v(-11).
86
Let v(g) = 298853*g - 5379345. Calculate v(18).
9
Let o(z) = -7661*z + 360224. Calculate o(47).
157
Let t(s) = -4*s**2 + 172*s - 1757. Calculate t(26).
11
Let m(h) = h**2 - 255*h + 12939. Calculate m(70).
-11
Let h(x) = 4*x**3 - 6*x**2 - 218*x - 39. What is h(7)?
-487
Let a(d) = 10465*d - 31209. What is a(3)?
186
Let v(f) = 73*f**2 - 